{"id":337,"date":"2015-11-24T22:45:48","date_gmt":"2015-11-24T21:45:48","guid":{"rendered":"http:\/\/www.mjlesgaislurons.be\/wordpress\/?page_id=337"},"modified":"2019-12-31T16:09:54","modified_gmt":"2019-12-31T15:09:54","slug":"nos-animations","status":"publish","type":"page","link":"https:\/\/www.mjlesgaislurons.be\/wordpress\/nos-animations\/","title":{"rendered":"Nos Animations"},"content":{"rendered":"<h1><span style=\"color: #ff0000;\">Nos animations<\/span><\/h1>\n<hr \/>\n<p>Ici vous retrouverez tous les informations utiles sur les <strong>animations<\/strong> et les <strong>ateliers<\/strong> organis\u00e9es \u00e0 la Maison des Jeunes Les Gais Lurons ASBL \u00e0 <strong>Gosselies<\/strong>.<\/p>\n<p>Les activit\u00e9s sont ouvertes pour les jeunes de 12 \u00e0 26 ans <strong>MAIS<\/strong> elles sont souvent n\u00e9anmoins ouvertes au moins de 6 ans et au plus de 26 ans, dans un soucis de d\u00e9velopper l&rsquo;interg\u00e9n\u00e9rationnel.<\/p>\n<p>Cliquez sur l&rsquo;animation pour plus d&rsquo;info !<\/p>\n<h3><a href=\"https:\/\/www.mjlesgaislurons.be\/wordpress\/parkour-urbain\/\"><span style=\"color: #ff0000;\">Parkour Urbain<\/span><\/a><\/h3>\n<h3><span style=\"color: #ff0000;\">Danse<\/span><\/h3>\n<hr \/>\n<ul>\n<li style=\"padding-left: 30px;\">\n<h4><span style=\"color: #ff00ff;\"><a style=\"color: #ff00ff;\" href=\"https:\/\/www.mjlesgaislurons.be\/wordpress\/?p=437\">Danse classique<\/a><\/span><\/h4>\n<\/li>\n<li style=\"padding-left: 30px;\">\n<h4><span style=\"color: #ff00ff;\"><a style=\"color: #ff00ff;\" href=\"https:\/\/www.mjlesgaislurons.be\/wordpress\/?p=440\">Modern Jazz<\/a><\/span><\/h4>\n<\/li>\n<li style=\"padding-left: 30px;\">\n<h4><span style=\"color: #ff00ff;\"><a style=\"color: #ff00ff;\" href=\"https:\/\/www.mjlesgaislurons.be\/wordpress\/?p=443\"> Hip Hop<\/a><\/span><\/h4>\n<\/li>\n<li style=\"padding-left: 30px;\">\n<h4><span style=\"color: #ff00ff;\"><a style=\"color: #ff00ff;\" href=\"https:\/\/www.mjlesgaislurons.be\/wordpress\/?p=447\">Compagnie<\/a><\/span><\/h4>\n<\/li>\n<li style=\"padding-left: 30px;\">\n<h4><span style=\"color: #ff00ff;\"><a style=\"color: #ff00ff;\" href=\"https:\/\/www.mjlesgaislurons.be\/wordpress\/?p=449\">Junior Team<\/a><\/span><\/h4>\n<\/li>\n<li style=\"padding-left: 30px;\">\n<h4><span style=\"color: #ff00ff;\"><a style=\"color: #ff00ff;\" href=\"https:\/\/www.mjlesgaislurons.be\/wordpress\/?p=452\">Initiation Danse<\/a><\/span><\/h4>\n<\/li>\n<li style=\"padding-left: 30px;\">\n<h4><span style=\"color: #ff00ff;\"><a style=\"color: #ff00ff;\" href=\"https:\/\/www.mjlesgaislurons.be\/wordpress\/?p=454\">Baby Danse<\/a><\/span><\/h4>\n<\/li>\n<li style=\"padding-left: 30px;\">\n<h4><span style=\"color: #ff00ff;\"><a style=\"color: #ff00ff;\" href=\"https:\/\/www.mjlesgaislurons.be\/wordpress\/?p=456\">Danse de Couple<\/a><\/span><\/h4>\n<\/li>\n<li style=\"padding-left: 30px;\">\n<h4><span style=\"color: #ff00ff;\"><a style=\"color: #ff00ff;\" href=\"https:\/\/www.mjlesgaislurons.be\/wordpress\/?p=456\">Girly<\/a><\/span><\/h4>\n<\/li>\n<li style=\"padding-left: 30px;\">\n<h4><span style=\"color: #ff00ff;\"><a style=\"color: #ff00ff;\" href=\"https:\/\/www.mjlesgaislurons.be\/wordpress\/?p=456\">Ragga<\/a><\/span><\/h4>\n<\/li>\n<\/ul>\n<h3><span style=\"color: #ff0000;\"><a style=\"color: #ff0000;\" href=\"https:\/\/www.mjlesgaislurons.be\/wordpress\/?p=167\">Espace Public Num\u00e9rique<\/a><\/span><\/h3>\n<h3><span style=\"color: #ff0000;\">Fitness<\/span><\/h3>\n<hr \/>\n<ul>\n<li style=\"padding-left: 30px;\">\n<h4><span style=\"color: #ff00ff;\"><a style=\"color: #ff00ff;\" href=\"https:\/\/www.mjlesgaislurons.be\/wordpress\/?p=562\">Zumba<\/a><\/span><\/h4>\n<\/li>\n<li style=\"padding-left: 30px;\">\n<h4><span style=\"color: #ff00ff;\"><a style=\"color: #ff00ff;\" href=\"https:\/\/www.mjlesgaislurons.be\/wordpress\/?p=562\">Zumba Enfant<\/a><\/span><\/h4>\n<\/li>\n<li style=\"padding-left: 30px;\">\n<h4><span style=\"color: #ff00ff;\"><a style=\"color: #ff00ff;\" href=\"https:\/\/www.mjlesgaislurons.be\/wordpress\/?p=564\">Kick Power Training<\/a><\/span><\/h4>\n<\/li>\n<li style=\"text-align: left; padding-left: 30px;\">\n<h4><span style=\"color: #ff00ff;\"><a style=\"color: #ff00ff;\" href=\"https:\/\/www.mjlesgaislurons.be\/wordpress\/?p=564\">KPT Enfants<\/a><\/span><\/h4>\n<\/li>\n<li style=\"padding-left: 30px;\">\n<h4><span style=\"color: #ff00ff;\"><a style=\"color: #ff00ff;\" href=\"https:\/\/www.mjlesgaislurons.be\/wordpress\/?p=566\">Stretch Yoga<\/a><\/span><\/h4>\n<\/li>\n<\/ul>\n<h3><span style=\"color: #ff0000;\"><a style=\"color: #ff0000;\" href=\"https:\/\/www.mjlesgaislurons.be\/wordpress\/?p=568\">Multi-sport<\/a><\/span><\/h3>\n<h3><span style=\"color: #ff0000;\">Soutien Scolaire<\/span><\/h3>\n<hr \/>\n<ul>\n<li style=\"padding-left: 30px;\">\n<h4><span style=\"color: #ff00ff;\"><a style=\"color: #ff00ff;\" href=\"https:\/\/www.mjlesgaislurons.be\/wordpress\/?p=570\">Primaire<\/a><\/span><\/h4>\n<\/li>\n<li style=\"padding-left: 30px;\">\n<h4><span style=\"color: #ff00ff;\"><a style=\"color: #ff00ff;\" href=\"https:\/\/www.mjlesgaislurons.be\/wordpress\/?p=570\">Secondaire<\/a><\/span><\/h4>\n<\/li>\n<\/ul>\n<h3><span style=\"color: #ff0000;\"><a style=\"color: #ff0000;\" href=\"https:\/\/www.mjlesgaislurons.be\/wordpress\/?p=572\">Dessin<\/a><\/span><\/h3>\n<h3><span style=\"color: #ff0000;\"><a style=\"color: #ff0000;\" href=\"https:\/\/www.mjlesgaislurons.be\/wordpress\/?p=574\">Th\u00e9\u00e2tre<\/a><\/span><\/h3>\n<h3><span style=\"color: #ff0000;\"><a style=\"color: #ff0000;\" href=\"https:\/\/www.mjlesgaislurons.be\/wordpress\/?p=576\">Cr\u00e9a-d\u00e9cors<\/a><\/span><\/h3>\n<h3><span style=\"color: #ff0000;\"><a style=\"color: #ff0000;\" href=\"https:\/\/www.mjlesgaislurons.be\/wordpress\/?p=578\">Cr\u00e9a-costume<\/a><\/span><\/h3>\n<h3><span style=\"color: #ff0000;\"><a style=\"color: #ff0000;\" href=\"https:\/\/www.mjlesgaislurons.be\/wordpress\/?p=580\">Biblioth\u00e8que<\/a><\/span><\/h3>\n","protected":false},"excerpt":{"rendered":"<p>Nos animations Ici vous retrouverez tous les informations utiles sur les animations et les ateliers organis\u00e9es \u00e0 la Maison des Jeunes Les Gais Lurons ASBL \u00e0 Gosselies. Les activit\u00e9s sont ouvertes pour les jeunes de 12 \u00e0 26 ans MAIS elles sont souvent n\u00e9anmoins ouvertes au moins de 6 ans et au plus de 26 [&hellip;]<\/p>\n","protected":false},"author":6,"featured_media":0,"parent":0,"menu_order":0,"comment_status":"closed","ping_status":"closed","template":"","meta":{"footnotes":""},"class_list":["post-337","page","type-page","status-publish","hentry"],"yoast_head":"<!-- This site is optimized with the Yoast SEO plugin v25.9 - https:\/\/yoast.com\/wordpress\/plugins\/seo\/ -->\n<title>Nos Animations - Maison des Jeunes Les Gais Lurons Asbl<\/title>\n<meta name=\"description\" content=\"Liste des animations organis\u00e9es \u00e0 la Maison des Jeunes, contenant des liens vers les fiches de chaque animation, contenant plus de renseignements.\" \/>\n<meta name=\"robots\" content=\"index, follow, max-snippet:-1, max-image-preview:large, max-video-preview:-1\" \/>\n<link rel=\"canonical\" href=\"https:\/\/www.mjlesgaislurons.be\/wordpress\/nos-animations\/\" \/>\n<meta property=\"og:locale\" content=\"fr_FR\" \/>\n<meta property=\"og:type\" content=\"article\" \/>\n<meta property=\"og:title\" content=\"Nos Animations - Maison des Jeunes Les Gais Lurons Asbl\" \/>\n<meta property=\"og:description\" content=\"Liste des animations organis\u00e9es \u00e0 la Maison des Jeunes, contenant des liens vers les fiches de chaque animation, contenant plus de renseignements.\" \/>\n<meta property=\"og:url\" content=\"https:\/\/www.mjlesgaislurons.be\/wordpress\/nos-animations\/\" \/>\n<meta property=\"og:site_name\" content=\"Maison des Jeunes Les Gais Lurons Asbl\" \/>\n<meta property=\"article:modified_time\" content=\"2019-12-31T15:09:54+00:00\" \/>\n<meta name=\"twitter:card\" content=\"summary_large_image\" \/>\n<meta name=\"twitter:label1\" content=\"Dur\u00e9e de lecture estim\u00e9e\" \/>\n\t<meta name=\"twitter:data1\" content=\"1 minute\" \/>\n<script type=\"application\/ld+json\" class=\"yoast-schema-graph\">{\"@context\":\"https:\/\/schema.org\",\"@graph\":[{\"@type\":\"WebPage\",\"@id\":\"https:\/\/www.mjlesgaislurons.be\/wordpress\/nos-animations\/\",\"url\":\"https:\/\/www.mjlesgaislurons.be\/wordpress\/nos-animations\/\",\"name\":\"Nos Animations - Maison des Jeunes Les Gais Lurons Asbl\",\"isPartOf\":{\"@id\":\"https:\/\/www.mjlesgaislurons.be\/wordpress\/#website\"},\"datePublished\":\"2015-11-24T21:45:48+00:00\",\"dateModified\":\"2019-12-31T15:09:54+00:00\",\"description\":\"Liste des animations organis\u00e9es \u00e0 la Maison des Jeunes, contenant des liens vers les fiches de chaque animation, contenant plus de renseignements.\",\"breadcrumb\":{\"@id\":\"https:\/\/www.mjlesgaislurons.be\/wordpress\/nos-animations\/#breadcrumb\"},\"inLanguage\":\"fr-FR\",\"potentialAction\":[{\"@type\":\"ReadAction\",\"target\":[\"https:\/\/www.mjlesgaislurons.be\/wordpress\/nos-animations\/\"]}]},{\"@type\":\"BreadcrumbList\",\"@id\":\"https:\/\/www.mjlesgaislurons.be\/wordpress\/nos-animations\/#breadcrumb\",\"itemListElement\":[{\"@type\":\"ListItem\",\"position\":1,\"name\":\"Accueil\",\"item\":\"https:\/\/www.mjlesgaislurons.be\/wordpress\/\"},{\"@type\":\"ListItem\",\"position\":2,\"name\":\"Nos Animations\"}]},{\"@type\":\"WebSite\",\"@id\":\"https:\/\/www.mjlesgaislurons.be\/wordpress\/#website\",\"url\":\"https:\/\/www.mjlesgaislurons.be\/wordpress\/\",\"name\":\"Maison des Jeunes Les Gais Lurons Asbl\",\"description\":\"Nous sommes la pour vous!\",\"potentialAction\":[{\"@type\":\"SearchAction\",\"target\":{\"@type\":\"EntryPoint\",\"urlTemplate\":\"https:\/\/www.mjlesgaislurons.be\/wordpress\/?s={search_term_string}\"},\"query-input\":{\"@type\":\"PropertyValueSpecification\",\"valueRequired\":true,\"valueName\":\"search_term_string\"}}],\"inLanguage\":\"fr-FR\"}]}<\/script>\n<!-- \/ Yoast SEO plugin. -->","yoast_head_json":{"title":"Nos Animations - Maison des Jeunes Les Gais Lurons Asbl","description":"Liste des animations organis\u00e9es \u00e0 la Maison des Jeunes, contenant des liens vers les fiches de chaque animation, contenant plus de renseignements.","robots":{"index":"index","follow":"follow","max-snippet":"max-snippet:-1","max-image-preview":"max-image-preview:large","max-video-preview":"max-video-preview:-1"},"canonical":"https:\/\/www.mjlesgaislurons.be\/wordpress\/nos-animations\/","og_locale":"fr_FR","og_type":"article","og_title":"Nos Animations - Maison des Jeunes Les Gais Lurons Asbl","og_description":"Liste des animations organis\u00e9es \u00e0 la Maison des Jeunes, contenant des liens vers les fiches de chaque animation, contenant plus de renseignements.","og_url":"https:\/\/www.mjlesgaislurons.be\/wordpress\/nos-animations\/","og_site_name":"Maison des Jeunes Les Gais Lurons Asbl","article_modified_time":"2019-12-31T15:09:54+00:00","twitter_card":"summary_large_image","twitter_misc":{"Dur\u00e9e de lecture estim\u00e9e":"1 minute"},"schema":{"@context":"https:\/\/schema.org","@graph":[{"@type":"WebPage","@id":"https:\/\/www.mjlesgaislurons.be\/wordpress\/nos-animations\/","url":"https:\/\/www.mjlesgaislurons.be\/wordpress\/nos-animations\/","name":"Nos Animations - Maison des Jeunes Les Gais Lurons Asbl","isPartOf":{"@id":"https:\/\/www.mjlesgaislurons.be\/wordpress\/#website"},"datePublished":"2015-11-24T21:45:48+00:00","dateModified":"2019-12-31T15:09:54+00:00","description":"Liste des animations organis\u00e9es \u00e0 la Maison des Jeunes, contenant des liens vers les fiches de chaque animation, contenant plus de renseignements.","breadcrumb":{"@id":"https:\/\/www.mjlesgaislurons.be\/wordpress\/nos-animations\/#breadcrumb"},"inLanguage":"fr-FR","potentialAction":[{"@type":"ReadAction","target":["https:\/\/www.mjlesgaislurons.be\/wordpress\/nos-animations\/"]}]},{"@type":"BreadcrumbList","@id":"https:\/\/www.mjlesgaislurons.be\/wordpress\/nos-animations\/#breadcrumb","itemListElement":[{"@type":"ListItem","position":1,"name":"Accueil","item":"https:\/\/www.mjlesgaislurons.be\/wordpress\/"},{"@type":"ListItem","position":2,"name":"Nos Animations"}]},{"@type":"WebSite","@id":"https:\/\/www.mjlesgaislurons.be\/wordpress\/#website","url":"https:\/\/www.mjlesgaislurons.be\/wordpress\/","name":"Maison des Jeunes Les Gais Lurons Asbl","description":"Nous sommes la pour vous!","potentialAction":[{"@type":"SearchAction","target":{"@type":"EntryPoint","urlTemplate":"https:\/\/www.mjlesgaislurons.be\/wordpress\/?s={search_term_string}"},"query-input":{"@type":"PropertyValueSpecification","valueRequired":true,"valueName":"search_term_string"}}],"inLanguage":"fr-FR"}]}},"_links":{"self":[{"href":"https:\/\/www.mjlesgaislurons.be\/wordpress\/wp-json\/wp\/v2\/pages\/337","targetHints":{"allow":["GET"]}}],"collection":[{"href":"https:\/\/www.mjlesgaislurons.be\/wordpress\/wp-json\/wp\/v2\/pages"}],"about":[{"href":"https:\/\/www.mjlesgaislurons.be\/wordpress\/wp-json\/wp\/v2\/types\/page"}],"author":[{"embeddable":true,"href":"https:\/\/www.mjlesgaislurons.be\/wordpress\/wp-json\/wp\/v2\/users\/6"}],"replies":[{"embeddable":true,"href":"https:\/\/www.mjlesgaislurons.be\/wordpress\/wp-json\/wp\/v2\/comments?post=337"}],"version-history":[{"count":25,"href":"https:\/\/www.mjlesgaislurons.be\/wordpress\/wp-json\/wp\/v2\/pages\/337\/revisions"}],"predecessor-version":[{"id":183191,"href":"https:\/\/www.mjlesgaislurons.be\/wordpress\/wp-json\/wp\/v2\/pages\/337\/revisions\/183191"}],"wp:attachment":[{"href":"https:\/\/www.mjlesgaislurons.be\/wordpress\/wp-json\/wp\/v2\/media?parent=337"}],"curies":[{"name":"wp","href":"https:\/\/api.w.org\/{rel}","templated":true}]}}