{"id":510,"date":"2015-12-03T15:09:07","date_gmt":"2015-12-03T14:09:07","guid":{"rendered":"http:\/\/www.mjlesgaislurons.be\/wordpress\/?page_id=510"},"modified":"2025-05-18T23:36:41","modified_gmt":"2025-05-18T22:36:41","slug":"conseil-des-jeunes","status":"publish","type":"page","link":"https:\/\/www.mjlesgaislurons.be\/wordpress\/conseil-des-jeunes\/","title":{"rendered":"Conseil des Jeunes"},"content":{"rendered":"<h1><\/h1>\n<h1><span style=\"color: #ff0000;\">Conseil des Jeunes<\/span><\/h1>\n<hr \/>\n<p><span style=\"text-decoration: underline;\"><img loading=\"lazy\" decoding=\"async\" class=\"alignnone size-full wp-image-183258 alignleft\" src=\"https:\/\/www.mjlesgaislurons.be\/wordpress\/wp-content\/uploads\/2025\/05\/conseil-des-jeunes.jpg\" alt=\"\" width=\"200\" height=\"200\" srcset=\"https:\/\/www.mjlesgaislurons.be\/wordpress\/wp-content\/uploads\/2025\/05\/conseil-des-jeunes.jpg 200w, https:\/\/www.mjlesgaislurons.be\/wordpress\/wp-content\/uploads\/2025\/05\/conseil-des-jeunes-150x150.jpg 150w\" sizes=\"auto, (max-width: 200px) 100vw, 200px\" \/>Le Conseil des Jeunes<\/span> est compos\u00e9 de jeunes entre 12 et 26 ans qui ont la responsabilit\u00e9 de r\u00e9aliser des projets en vue d\u2019en faire des \u00ab C.R.A.C.S. \u00bb c&rsquo;est-\u00e0-dire des citoyens responsables, actifs, critiques et solidaires.<\/p>\n<p>En 2024-2025, il compte 14 membres. Tr\u00e8s actif sur les r\u00e9seaux sociaux, il a son propre groupe Facebook.<\/p>\n<p>Tous les membres du conseil des jeunes se sont partag\u00e9s les t\u00e2ches \u00e0 effectuer. Ils se sont regroup\u00e9s en 3 groupes : le premier groupe s\u2019occupe d\u2019organiser les r\u00e9unions, de les diriger et de r\u00e9diger les PV. Le second se charge de la communication sur leur diff\u00e9rents r\u00e9seaux sociaux (Instagram et Facebook principalement). Le troisi\u00e8me r\u00e9alise les photographies des diff\u00e9rents \u00e9v\u00e9nements tout au long de l\u2019ann\u00e9e.<\/p>\n<p>Le CJ envoie \u00e9galement des repr\u00e9sentants aux r\u00e9unions de l&rsquo;Organe d&rsquo;administration, ce qui en fait un v\u00e9ritable outil d\u00e9mocratique au sein de notre MJ.<\/p>\n<p><a href=\"https:\/\/www.facebook.com\/conseildesjeunes.mj\">https:\/\/www.facebook.com\/conseildesjeunes.mj<\/a><\/p>\n<p>&nbsp;<\/p>\n<p><img loading=\"lazy\" decoding=\"async\" class=\"alignnone size-medium wp-image-183257\" src=\"https:\/\/www.mjlesgaislurons.be\/wordpress\/wp-content\/uploads\/2025\/05\/Conseil-des-jeunes-photo-1-300x214.jpg\" alt=\"\" width=\"300\" height=\"214\" srcset=\"https:\/\/www.mjlesgaislurons.be\/wordpress\/wp-content\/uploads\/2025\/05\/Conseil-des-jeunes-photo-1-300x214.jpg 300w, https:\/\/www.mjlesgaislurons.be\/wordpress\/wp-content\/uploads\/2025\/05\/Conseil-des-jeunes-photo-1-1024x732.jpg 1024w, https:\/\/www.mjlesgaislurons.be\/wordpress\/wp-content\/uploads\/2025\/05\/Conseil-des-jeunes-photo-1-768x549.jpg 768w, https:\/\/www.mjlesgaislurons.be\/wordpress\/wp-content\/uploads\/2025\/05\/Conseil-des-jeunes-photo-1-1536x1098.jpg 1536w, https:\/\/www.mjlesgaislurons.be\/wordpress\/wp-content\/uploads\/2025\/05\/Conseil-des-jeunes-photo-1.jpg 2048w\" sizes=\"auto, (max-width: 300px) 100vw, 300px\" \/><\/p>\n","protected":false},"excerpt":{"rendered":"<p>Conseil des Jeunes Le Conseil des Jeunes est compos\u00e9 de jeunes entre 12 et 26 ans qui ont la responsabilit\u00e9 de r\u00e9aliser des projets en vue d\u2019en faire des \u00ab C.R.A.C.S. \u00bb c&rsquo;est-\u00e0-dire des citoyens responsables, actifs, critiques et solidaires. En 2024-2025, il compte 14 membres. Tr\u00e8s actif sur les r\u00e9seaux sociaux, il a son [&hellip;]<\/p>\n","protected":false},"author":6,"featured_media":183256,"parent":0,"menu_order":0,"comment_status":"closed","ping_status":"closed","template":"","meta":{"footnotes":""},"class_list":["post-510","page","type-page","status-publish","hentry"],"yoast_head":"<!-- This site is optimized with the Yoast SEO plugin v25.9 - https:\/\/yoast.com\/wordpress\/plugins\/seo\/ -->\n<title>Conseil des Jeunes - Maison des Jeunes Les Gais Lurons Asbl<\/title>\n<meta name=\"description\" content=\"Le Conseil des Jeunes repr\u00e9sente une expression des jeunes organis\u00e9es au sein de la MJ, dans l&#039;optique de les y impliqu\u00e9s.\" \/>\n<meta name=\"robots\" content=\"index, follow, max-snippet:-1, max-image-preview:large, max-video-preview:-1\" \/>\n<link rel=\"canonical\" href=\"https:\/\/www.mjlesgaislurons.be\/wordpress\/conseil-des-jeunes\/\" \/>\n<meta property=\"og:locale\" content=\"fr_FR\" \/>\n<meta property=\"og:type\" content=\"article\" \/>\n<meta property=\"og:title\" content=\"Conseil des Jeunes - Maison des Jeunes Les Gais Lurons Asbl\" \/>\n<meta property=\"og:description\" content=\"Le Conseil des Jeunes repr\u00e9sente une expression des jeunes organis\u00e9es au sein de la MJ, dans l&#039;optique de les y impliqu\u00e9s.\" \/>\n<meta property=\"og:url\" content=\"https:\/\/www.mjlesgaislurons.be\/wordpress\/conseil-des-jeunes\/\" \/>\n<meta property=\"og:site_name\" content=\"Maison des Jeunes Les Gais Lurons Asbl\" \/>\n<meta property=\"article:modified_time\" content=\"2025-05-18T22:36:41+00:00\" \/>\n<meta property=\"og:image\" content=\"https:\/\/www.mjlesgaislurons.be\/wordpress\/wp-content\/uploads\/2025\/05\/Conseil-des-jeunes-photo.jpg\" \/>\n\t<meta property=\"og:image:width\" content=\"2048\" \/>\n\t<meta property=\"og:image:height\" content=\"1464\" \/>\n\t<meta property=\"og:image:type\" content=\"image\/jpeg\" \/>\n<meta name=\"twitter:card\" content=\"summary_large_image\" \/>\n<meta name=\"twitter:label1\" content=\"Dur\u00e9e de lecture estim\u00e9e\" \/>\n\t<meta name=\"twitter:data1\" content=\"2 minutes\" \/>\n<script type=\"application\/ld+json\" class=\"yoast-schema-graph\">{\"@context\":\"https:\/\/schema.org\",\"@graph\":[{\"@type\":\"WebPage\",\"@id\":\"https:\/\/www.mjlesgaislurons.be\/wordpress\/conseil-des-jeunes\/\",\"url\":\"https:\/\/www.mjlesgaislurons.be\/wordpress\/conseil-des-jeunes\/\",\"name\":\"Conseil des Jeunes - Maison des Jeunes Les Gais Lurons Asbl\",\"isPartOf\":{\"@id\":\"https:\/\/www.mjlesgaislurons.be\/wordpress\/#website\"},\"primaryImageOfPage\":{\"@id\":\"https:\/\/www.mjlesgaislurons.be\/wordpress\/conseil-des-jeunes\/#primaryimage\"},\"image\":{\"@id\":\"https:\/\/www.mjlesgaislurons.be\/wordpress\/conseil-des-jeunes\/#primaryimage\"},\"thumbnailUrl\":\"https:\/\/www.mjlesgaislurons.be\/wordpress\/wp-content\/uploads\/2025\/05\/Conseil-des-jeunes-photo.jpg\",\"datePublished\":\"2015-12-03T14:09:07+00:00\",\"dateModified\":\"2025-05-18T22:36:41+00:00\",\"description\":\"Le Conseil des Jeunes repr\u00e9sente une expression des jeunes organis\u00e9es au sein de la MJ, dans l'optique de les y impliqu\u00e9s.\",\"breadcrumb\":{\"@id\":\"https:\/\/www.mjlesgaislurons.be\/wordpress\/conseil-des-jeunes\/#breadcrumb\"},\"inLanguage\":\"fr-FR\",\"potentialAction\":[{\"@type\":\"ReadAction\",\"target\":[\"https:\/\/www.mjlesgaislurons.be\/wordpress\/conseil-des-jeunes\/\"]}]},{\"@type\":\"ImageObject\",\"inLanguage\":\"fr-FR\",\"@id\":\"https:\/\/www.mjlesgaislurons.be\/wordpress\/conseil-des-jeunes\/#primaryimage\",\"url\":\"https:\/\/www.mjlesgaislurons.be\/wordpress\/wp-content\/uploads\/2025\/05\/Conseil-des-jeunes-photo.jpg\",\"contentUrl\":\"https:\/\/www.mjlesgaislurons.be\/wordpress\/wp-content\/uploads\/2025\/05\/Conseil-des-jeunes-photo.jpg\",\"width\":2048,\"height\":1464},{\"@type\":\"BreadcrumbList\",\"@id\":\"https:\/\/www.mjlesgaislurons.be\/wordpress\/conseil-des-jeunes\/#breadcrumb\",\"itemListElement\":[{\"@type\":\"ListItem\",\"position\":1,\"name\":\"Accueil\",\"item\":\"https:\/\/www.mjlesgaislurons.be\/wordpress\/\"},{\"@type\":\"ListItem\",\"position\":2,\"name\":\"Conseil des Jeunes\"}]},{\"@type\":\"WebSite\",\"@id\":\"https:\/\/www.mjlesgaislurons.be\/wordpress\/#website\",\"url\":\"https:\/\/www.mjlesgaislurons.be\/wordpress\/\",\"name\":\"Maison des Jeunes Les Gais Lurons Asbl\",\"description\":\"Nous sommes la pour vous!\",\"potentialAction\":[{\"@type\":\"SearchAction\",\"target\":{\"@type\":\"EntryPoint\",\"urlTemplate\":\"https:\/\/www.mjlesgaislurons.be\/wordpress\/?s={search_term_string}\"},\"query-input\":{\"@type\":\"PropertyValueSpecification\",\"valueRequired\":true,\"valueName\":\"search_term_string\"}}],\"inLanguage\":\"fr-FR\"}]}<\/script>\n<!-- \/ Yoast SEO plugin. -->","yoast_head_json":{"title":"Conseil des Jeunes - Maison des Jeunes Les Gais Lurons Asbl","description":"Le Conseil des Jeunes repr\u00e9sente une expression des jeunes organis\u00e9es au sein de la MJ, dans l'optique de les y impliqu\u00e9s.","robots":{"index":"index","follow":"follow","max-snippet":"max-snippet:-1","max-image-preview":"max-image-preview:large","max-video-preview":"max-video-preview:-1"},"canonical":"https:\/\/www.mjlesgaislurons.be\/wordpress\/conseil-des-jeunes\/","og_locale":"fr_FR","og_type":"article","og_title":"Conseil des Jeunes - Maison des Jeunes Les Gais Lurons Asbl","og_description":"Le Conseil des Jeunes repr\u00e9sente une expression des jeunes organis\u00e9es au sein de la MJ, dans l'optique de les y impliqu\u00e9s.","og_url":"https:\/\/www.mjlesgaislurons.be\/wordpress\/conseil-des-jeunes\/","og_site_name":"Maison des Jeunes Les Gais Lurons Asbl","article_modified_time":"2025-05-18T22:36:41+00:00","og_image":[{"width":2048,"height":1464,"url":"https:\/\/www.mjlesgaislurons.be\/wordpress\/wp-content\/uploads\/2025\/05\/Conseil-des-jeunes-photo.jpg","type":"image\/jpeg"}],"twitter_card":"summary_large_image","twitter_misc":{"Dur\u00e9e de lecture estim\u00e9e":"2 minutes"},"schema":{"@context":"https:\/\/schema.org","@graph":[{"@type":"WebPage","@id":"https:\/\/www.mjlesgaislurons.be\/wordpress\/conseil-des-jeunes\/","url":"https:\/\/www.mjlesgaislurons.be\/wordpress\/conseil-des-jeunes\/","name":"Conseil des Jeunes - Maison des Jeunes Les Gais Lurons Asbl","isPartOf":{"@id":"https:\/\/www.mjlesgaislurons.be\/wordpress\/#website"},"primaryImageOfPage":{"@id":"https:\/\/www.mjlesgaislurons.be\/wordpress\/conseil-des-jeunes\/#primaryimage"},"image":{"@id":"https:\/\/www.mjlesgaislurons.be\/wordpress\/conseil-des-jeunes\/#primaryimage"},"thumbnailUrl":"https:\/\/www.mjlesgaislurons.be\/wordpress\/wp-content\/uploads\/2025\/05\/Conseil-des-jeunes-photo.jpg","datePublished":"2015-12-03T14:09:07+00:00","dateModified":"2025-05-18T22:36:41+00:00","description":"Le Conseil des Jeunes repr\u00e9sente une expression des jeunes organis\u00e9es au sein de la MJ, dans l'optique de les y impliqu\u00e9s.","breadcrumb":{"@id":"https:\/\/www.mjlesgaislurons.be\/wordpress\/conseil-des-jeunes\/#breadcrumb"},"inLanguage":"fr-FR","potentialAction":[{"@type":"ReadAction","target":["https:\/\/www.mjlesgaislurons.be\/wordpress\/conseil-des-jeunes\/"]}]},{"@type":"ImageObject","inLanguage":"fr-FR","@id":"https:\/\/www.mjlesgaislurons.be\/wordpress\/conseil-des-jeunes\/#primaryimage","url":"https:\/\/www.mjlesgaislurons.be\/wordpress\/wp-content\/uploads\/2025\/05\/Conseil-des-jeunes-photo.jpg","contentUrl":"https:\/\/www.mjlesgaislurons.be\/wordpress\/wp-content\/uploads\/2025\/05\/Conseil-des-jeunes-photo.jpg","width":2048,"height":1464},{"@type":"BreadcrumbList","@id":"https:\/\/www.mjlesgaislurons.be\/wordpress\/conseil-des-jeunes\/#breadcrumb","itemListElement":[{"@type":"ListItem","position":1,"name":"Accueil","item":"https:\/\/www.mjlesgaislurons.be\/wordpress\/"},{"@type":"ListItem","position":2,"name":"Conseil des Jeunes"}]},{"@type":"WebSite","@id":"https:\/\/www.mjlesgaislurons.be\/wordpress\/#website","url":"https:\/\/www.mjlesgaislurons.be\/wordpress\/","name":"Maison des Jeunes Les Gais Lurons Asbl","description":"Nous sommes la pour vous!","potentialAction":[{"@type":"SearchAction","target":{"@type":"EntryPoint","urlTemplate":"https:\/\/www.mjlesgaislurons.be\/wordpress\/?s={search_term_string}"},"query-input":{"@type":"PropertyValueSpecification","valueRequired":true,"valueName":"search_term_string"}}],"inLanguage":"fr-FR"}]}},"_links":{"self":[{"href":"https:\/\/www.mjlesgaislurons.be\/wordpress\/wp-json\/wp\/v2\/pages\/510","targetHints":{"allow":["GET"]}}],"collection":[{"href":"https:\/\/www.mjlesgaislurons.be\/wordpress\/wp-json\/wp\/v2\/pages"}],"about":[{"href":"https:\/\/www.mjlesgaislurons.be\/wordpress\/wp-json\/wp\/v2\/types\/page"}],"author":[{"embeddable":true,"href":"https:\/\/www.mjlesgaislurons.be\/wordpress\/wp-json\/wp\/v2\/users\/6"}],"replies":[{"embeddable":true,"href":"https:\/\/www.mjlesgaislurons.be\/wordpress\/wp-json\/wp\/v2\/comments?post=510"}],"version-history":[{"count":17,"href":"https:\/\/www.mjlesgaislurons.be\/wordpress\/wp-json\/wp\/v2\/pages\/510\/revisions"}],"predecessor-version":[{"id":183259,"href":"https:\/\/www.mjlesgaislurons.be\/wordpress\/wp-json\/wp\/v2\/pages\/510\/revisions\/183259"}],"wp:featuredmedia":[{"embeddable":true,"href":"https:\/\/www.mjlesgaislurons.be\/wordpress\/wp-json\/wp\/v2\/media\/183256"}],"wp:attachment":[{"href":"https:\/\/www.mjlesgaislurons.be\/wordpress\/wp-json\/wp\/v2\/media?parent=510"}],"curies":[{"name":"wp","href":"https:\/\/api.w.org\/{rel}","templated":true}]}}

<h1></h1>
<h1><span style="color: #ff0000;">Conseil des Jeunes</span></h1>
<hr />
<p><span style="text-decoration: underline;"><img loading="lazy" decoding="async" class="alignnone size-full wp-image-183258 alignleft" src="https://www.mjlesgaislurons.be/wordpress/wp-content/uploads/2025/05/conseil-des-jeunes.jpg" alt="" width="200" height="200" srcset="https://www.mjlesgaislurons.be/wordpress/wp-content/uploads/2025/05/conseil-des-jeunes.jpg 200w, https://www.mjlesgaislurons.be/wordpress/wp-content/uploads/2025/05/conseil-des-jeunes-150x150.jpg 150w" sizes="auto, (max-width: 200px) 100vw, 200px" />Le Conseil des Jeunes</span> est composé de jeunes entre 12 et 26 ans qui ont la responsabilité de réaliser des projets en vue d’en faire des « C.R.A.C.S. » c&rsquo;est-à-dire des citoyens responsables, actifs, critiques et solidaires.</p>
<p>En 2024-2025, il compte 14 membres. Très actif sur les réseaux sociaux, il a son propre groupe Facebook.</p>
<p>Tous les membres du conseil des jeunes se sont partagés les tâches à effectuer. Ils se sont regroupés en 3 groupes : le premier groupe s’occupe d’organiser les réunions, de les diriger et de rédiger les PV. Le second se charge de la communication sur leur différents réseaux sociaux (Instagram et Facebook principalement). Le troisième réalise les photographies des différents événements tout au long de l’année.</p>
<p>Le CJ envoie également des représentants aux réunions de l&rsquo;Organe d&rsquo;administration, ce qui en fait un véritable outil démocratique au sein de notre MJ.</p>
<p><a href="https://www.facebook.com/conseildesjeunes.mj">https://www.facebook.com/conseildesjeunes.mj</a></p>
<p>&nbsp;</p>
<p><img loading="lazy" decoding="async" class="alignnone size-medium wp-image-183257" src="https://www.mjlesgaislurons.be/wordpress/wp-content/uploads/2025/05/Conseil-des-jeunes-photo-1-300x214.jpg" alt="" width="300" height="214" srcset="https://www.mjlesgaislurons.be/wordpress/wp-content/uploads/2025/05/Conseil-des-jeunes-photo-1-300x214.jpg 300w, https://www.mjlesgaislurons.be/wordpress/wp-content/uploads/2025/05/Conseil-des-jeunes-photo-1-1024x732.jpg 1024w, https://www.mjlesgaislurons.be/wordpress/wp-content/uploads/2025/05/Conseil-des-jeunes-photo-1-768x549.jpg 768w, https://www.mjlesgaislurons.be/wordpress/wp-content/uploads/2025/05/Conseil-des-jeunes-photo-1-1536x1098.jpg 1536w, https://www.mjlesgaislurons.be/wordpress/wp-content/uploads/2025/05/Conseil-des-jeunes-photo-1.jpg 2048w" sizes="auto, (max-width: 300px) 100vw, 300px" /></p>

<p>Conseil des Jeunes Le Conseil des Jeunes est composé de jeunes entre 12 et 26 ans qui ont la responsabilité de réaliser des projets en vue d’en faire des « C.R.A.C.S. » c&rsquo;est-à-dire des citoyens responsables, actifs, critiques et solidaires. En 2024-2025, il compte 14 membres. Très actif sur les réseaux sociaux, il a son [&hellip;]</p>

<!-- This site is optimized with the Yoast SEO plugin v25.9 - https://yoast.com/wordpress/plugins/seo/ -->
<title>Conseil des Jeunes - Maison des Jeunes Les Gais Lurons Asbl</title>
<meta name="description" content="Le Conseil des Jeunes représente une expression des jeunes organisées au sein de la MJ, dans l&#039;optique de les y impliqués." />
<meta name="robots" content="index, follow, max-snippet:-1, max-image-preview:large, max-video-preview:-1" />
<link rel="canonical" href="https://www.mjlesgaislurons.be/wordpress/conseil-des-jeunes/" />
<meta property="og:locale" content="fr_FR" />
<meta property="og:type" content="article" />
<meta property="og:title" content="Conseil des Jeunes - Maison des Jeunes Les Gais Lurons Asbl" />
<meta property="og:description" content="Le Conseil des Jeunes représente une expression des jeunes organisées au sein de la MJ, dans l&#039;optique de les y impliqués." />
<meta property="og:url" content="https://www.mjlesgaislurons.be/wordpress/conseil-des-jeunes/" />
<meta property="og:site_name" content="Maison des Jeunes Les Gais Lurons Asbl" />
<meta property="article:modified_time" content="2025-05-18T22:36:41+00:00" />
<meta property="og:image" content="https://www.mjlesgaislurons.be/wordpress/wp-content/uploads/2025/05/Conseil-des-jeunes-photo.jpg" />
	<meta property="og:image:width" content="2048" />
	<meta property="og:image:height" content="1464" />
	<meta property="og:image:type" content="image/jpeg" />
<meta name="twitter:card" content="summary_large_image" />
<meta name="twitter:label1" content="Durée de lecture estimée" />
	<meta name="twitter:data1" content="2 minutes" />
<script type="application/ld+json" class="yoast-schema-graph">{"@context":"https://schema.org","@graph":[{"@type":"WebPage","@id":"https://www.mjlesgaislurons.be/wordpress/conseil-des-jeunes/","url":"https://www.mjlesgaislurons.be/wordpress/conseil-des-jeunes/","name":"Conseil des Jeunes - Maison des Jeunes Les Gais Lurons Asbl","isPartOf":{"@id":"https://www.mjlesgaislurons.be/wordpress/#website"},"primaryImageOfPage":{"@id":"https://www.mjlesgaislurons.be/wordpress/conseil-des-jeunes/#primaryimage"},"image":{"@id":"https://www.mjlesgaislurons.be/wordpress/conseil-des-jeunes/#primaryimage"},"thumbnailUrl":"https://www.mjlesgaislurons.be/wordpress/wp-content/uploads/2025/05/Conseil-des-jeunes-photo.jpg","datePublished":"2015-12-03T14:09:07+00:00","dateModified":"2025-05-18T22:36:41+00:00","description":"Le Conseil des Jeunes représente une expression des jeunes organisées au sein de la MJ, dans l'optique de les y impliqués.","breadcrumb":{"@id":"https://www.mjlesgaislurons.be/wordpress/conseil-des-jeunes/#breadcrumb"},"inLanguage":"fr-FR","potentialAction":[{"@type":"ReadAction","target":["https://www.mjlesgaislurons.be/wordpress/conseil-des-jeunes/"]}]},{"@type":"ImageObject","inLanguage":"fr-FR","@id":"https://www.mjlesgaislurons.be/wordpress/conseil-des-jeunes/#primaryimage","url":"https://www.mjlesgaislurons.be/wordpress/wp-content/uploads/2025/05/Conseil-des-jeunes-photo.jpg","contentUrl":"https://www.mjlesgaislurons.be/wordpress/wp-content/uploads/2025/05/Conseil-des-jeunes-photo.jpg","width":2048,"height":1464},{"@type":"BreadcrumbList","@id":"https://www.mjlesgaislurons.be/wordpress/conseil-des-jeunes/#breadcrumb","itemListElement":[{"@type":"ListItem","position":1,"name":"Accueil","item":"https://www.mjlesgaislurons.be/wordpress/"},{"@type":"ListItem","position":2,"name":"Conseil des Jeunes"}]},{"@type":"WebSite","@id":"https://www.mjlesgaislurons.be/wordpress/#website","url":"https://www.mjlesgaislurons.be/wordpress/","name":"Maison des Jeunes Les Gais Lurons Asbl","description":"Nous sommes la pour vous!","potentialAction":[{"@type":"SearchAction","target":{"@type":"EntryPoint","urlTemplate":"https://www.mjlesgaislurons.be/wordpress/?s={search_term_string}"},"query-input":{"@type":"PropertyValueSpecification","valueRequired":true,"valueName":"search_term_string"}}],"inLanguage":"fr-FR"}]}</script>
<!-- / Yoast SEO plugin. -->

Le Conseil des Jeunes représente une expression des jeunes organisées au sein de la MJ, dans l'optique de les y impliqués.
